it of 1852?
2
What is the tens digit of 74893?
9
What is the tens digit of 1293?
9
What is the hundreds digit of 31435?
4
What is the units digit of 1960?
0
What is the ten thousands digit of 69133?
6
What is the hundreds digit of 1310?
3
What is the tens digit of 29?
2
What is the tens digit of 2847?
4
What is the units digit of 9432?
2
What is the hundreds digit of 1058?
0
What is the ten thousands digit of 23890?
2
What is the units digit of 30559?
9
What is the tens digit of 2014?
1
What is the units digit of 60389?
9
What is the hundreds digit of 392?
3
What is the ten thousands digit of 12534?
1
What is the hundreds digit of 55563?
5
What is the units digit of 293?
3
What is the tens digit of 7479?
7
What is the units digit of 24181?
1
What is the hundreds digit of 6128?
1
What is the tens digit of 800?
0
What is the units digit of 57121?
1
What is the units digit of 22410?
0
What is the units digit of 4622?
2
What is the tens digit of 14205?
0
What is the ten thousands digit of 18924?
1
What is the thousands digit of 134452?
4
What is the tens digit of 223?
2
What is the tens digit of 5972?
7
What is the thousands digit of 113336?
3
What is the hundreds digit of 7161?
1
What is the units digit of 3?
3
What is the hundreds digit of 933?
9
What is the hundreds digit of 32223?
2
What is the thousands digit of 17321?
7
What is the tens digit of 1619?
1
What is the hundreds digit of 2510?
5
What is the thousands digit of 34884?
4
What is the hundreds digit of 8421?
4
What is the units digit of 16038?
8
What is the hundreds digit of 843?
8
What is the thousands digit of 35714?
5
What is the units digit of 7510?
0
What is the tens digit of 521?
2
What is the units digit of 27051?
1
What is the tens digit of 28139?
3
What is the hundreds digit of 17682?
6
What is the thousands digit of 3390?
3
What is the units digit of 8540?
0
What is the hundreds digit of 502?
5
What is the ten thousands digit of 53286?
5
What is the tens digit of 3969?
6
What is the thousands digit of 32089?
2
What is the hundreds digit of 846?
8
What is the thousands digit of 1145?
1
What is the hundreds digit of 1050?
0
What is the tens digit of 29662?
6
What is the ten thousands digit of 10954?
1
What is the tens digit of 30303?
0
What is the ten thousands digit of 44384?
4
What is the hundreds digit of 4451?
4
What is the thousands digit of 10892?
0
What is the ten thousands digit of 20833?
2
What is the tens digit of 1133?
3
What is the ten thousands digit of 62284?
6
What is the hundreds digit of 14432?
4
What is the tens digit of 1359?
5
What is the units digit of 1888?
8
What is the hundreds digit of 114001?
0
What is the thousands digit of 109556?
9
What is the tens digit of 115822?
2
What is the hundreds digit of 33899?
8
What is the tens digit of 2806?
0
What is the hundreds digit of 888?
8
What is the thousands digit of 5580?
5
What is the units digit of 13341?
1
What is the thousands digit of 3393?
3
What is the thousands digit of 2336?
2
What is the tens digit of 1505?
0
What is the tens digit of 17131?
3
What is the thousands digit of 17844?
7
What is the tens digit of 3358?
5
What is the hundreds digit of 1928?
9
What is the thousands digit of 24786?
4
What is the hundreds digit of 141450?
4
What is the thousands digit of 22685?
2
What is the units digit of 670?
0
What is the hundreds digit of 1453?
4
What is the hundreds digit of 2491?
4
What is the ten thousands digit of 13140?
1
What is the thousands digit of 26503?
6
What is the hundreds digit of 77002?
0
What is the hundreds digit of 199?
1
What is the hundreds digit of 1227?
2
What is the thousands digit of 1998?
1
What is the units digit of 733?
3
What is the thousands digit of 5211?
5
What is the units digit of 491?
1
What is the tens digit of 14557?
5
What is the tens digit of 4898?
9
What is the thousands digit of 2241?
2
What is the hundreds digit of 8173?
1
What is the hundreds digit of 43899?
8
What is the hundreds digit of 10812?
8
What is the tens digit of 760?
6
What is the units digit of 182?
2
What is the ten thousands digit of 19603?
1
What is the units digit of 10161?
1
What is the thousands digit of 1757?
1
What is the tens digit of 7759?
5
What is the tens digit of 9388?
8
What is the thousands digit of 11242?
1
What is the units digit of 61047?
7
What is the units digit of 53415?
5
What is the thousands digit of 1880?
1
What is the ten thousands digit of 135016?
3
What is the units digit of 1360?
0
What is the thousands digit of 8930?
8
What is the thousands digit of 7358?
7
What is the units digit of 9896?
6
What is the hundreds digit of 866?
8
What is the tens digit of 8564?
6
What is the units digit of 29531?
1
What is the tens digit of 599?
9
What is the units digit of 841?
1
What is the tens digit of 512?
1
What is the tens digit of 8184?
8
What is the hundreds digit of 210?
2
What is the thousands digit of 43373?
3
What is the tens digit of 940?
4
What is the thousands digit of 20483?
0
What is the thousands digit of 2282?
2
What is the thousands digit of 3729?
3
What is the hundreds digit of 1877?
8
What is the units digit of 1853?
3
What is the hundreds digit of 3105?
1
What is the hundreds digit of 521?
5
What is the tens digit of 18167?
6
What is the units digit of 746?
6
What is the hundreds digit of 2297?
2
What is the tens digit of 5429?
2
What is the units digit of 959?
9
What is the tens digit of 84?
8
What is the tens digit of 20180?
8
What is the units digit of 2?
2
What is the units digit of 1752?
2
What is the tens digit of 117236?
3
What is the hundreds digit of 530?
5
What is the hundreds digit of 2022?
0
What is the hundreds digit of 2356?
3
What is the hundreds digit of 11743?
7
What is the tens digit of 80674?
7
What is the units digit of 319?
9
What is the hundreds digit of 11485?
4
What is the tens digit of 2354?
5
What is the tens digit of 3905?
0
What is the tens digit of 643?
4
What is the hundreds digit of 179214?
2
What is the hundreds digit of 2055?
0
What is the units digit of 468?
8
What is the tens digit of 71575?
7
What is the hundreds digit of 1809?
8
What is the units digit of 535?
5
What is the units digit of 105024?
4
What is the units digit of 6989?
9
What is the ten thousands digit of 14254?
1
What is the thousands digit of 7527?
7
What is the tens digit of 2024?
2
What is the thousands digit of 4575?
4
What is the units digit of 8145?
5
What is the units digit of 6842?
2
What is the units digit of 9630?
0
What is the tens digit of 45?
4
What is the hundreds digit of 1182?
1
What is the tens digit of 143?
4
What is the hundreds digit of 1066?
0
What is the tens digit of 85176?
7
What is the tens digit of 6101?
0
What is the tens digit of 7192?
9
What is the thousands digit of 3917?
3
What is the units digit of 86814?
4
What is the hundreds digit of 1059?
0
What is the thousands digit of 149587?
9
What is the ten thousands digit of 10276?
1
What is the thousands digit of 1354?
1
What is the thousands digit of 15948?
5
What is the thousands digit of 22761?
2
What is the units digit of 1607?
7
What is the ten thousands digit of 37452?
3
What is the thousands digit of 2015?
2
What is the hundreds digit of 4847?
8
What is the units digit of 1452?
2
What is the hundreds digit of 2276?
2
What is the hundreds digit of 2817?
8
What is the ten thousands digit of 28216?
2
What is the hundreds digit of 5316?
3
What is the hundreds digit of 558?
5
What is the tens digit of 3110?
1
What is the thousands digit of 18888?
8
What is the hundreds digit of 64872?
8
What is the units digit of 93?
3
What is the hundreds digit of 660?
6
What is the units digit of 1014?
4
What is the tens digit of 1390?
9
What is the ten thousands digit of 57356?
5
What is the units digit of 2363?
3
What is the thousands digit of 110714?
0
What is the thousands digit of 80644?
0
What is the tens digit of 26086?
8
What is the tens digit of 848?
4
What is the units digit of 20791?
1
What is the thousands digit of 9000?
9
What is the thousands digit of 68298?
8
What is the tens digit of 28326?
2
What is the units digit of 1442?
2
What is the tens digit of 9195?
9
What is the ten thousands digit of 27264?
2
What is the ten thousands digit of 10888?
1
What is the ten thousands digit of